et b = -10323 - -10321. Let r(q) be the first derivative of 1/2*q**4 + 2 + 2*q + q**3 + 1/2*q**2. What is r(b)?
-4
Let p(t) be the third derivative of 0*t + 16*t**2 + 1/8*t**4 - 1/360*t**6 - 2*t**3 + 0 + 1/40*t**5. Let c(x) be the first derivative of p(x). Give c(5).
-7
Let m be 1*-3*8/(-12). Let q be 9/(-18 - 0) - (-75)/m. Let f(z) = q*z + 3 - 14*z - 21*z. Determine f(-3).
-3
Let h(b) = 1 + 0 - 3*b - 5. Let d = 227 + -219. Suppose d*f = -3*f - 66. Give h(f).
14
Let k(a) = 15*a**2 - 46*a + 8. Let p(x) = -2*x**2 + 5*x. Let t(d) = -k(d) - 6*p(d). What is t(11)?
-195
Let z(d) = 33*d - 31*d + 0*d**3 - d**3 - 2 + 6*d**2. Suppose 3*p + 4*h = -465 + 463, 0 = 4*p - 3*h - 39. Give z(p).
10
Let p(y) be the second derivative of y**5/120 + y**4/4 + 49*y**3 + 138*y. Let w(z) be the second derivative of p(z). Calculate w(0).
6
Let c be 0 + 0 + (-9)/9. Let i(f) = -16*f**3 + f**2 + f + 1. Calculate i(c).
17
Suppose 0 = 5*c - 2*w + 7*w - 40, -22 = -4*c + w. Let y(m) = 0 + 8*m + 9*m**2 - 8 + m**3 + c - 4. Let u be -4 - 1*2*(2 - 0). What is y(u)?
-6
Let o(b) = 2*b**2 - 7 + 67*b + 87*b - 150*b - b**2. Let w be 12/(-54) + 61/(-9). Calculate o(w).
14
Suppose -4*d + 8 = 0, 13*o + 5*d = 10*o + 28. Let m(w) = o - 4*w**2 + 5*w**2 + w - 10*w. Give m(5).
-14
Let i(x) be the third derivative of -x**7/2520 + x**6/120 - x**5/24 + 3*x**4/2 + x**3/6 - 9*x**2. Let r(c) be the second derivative of i(c). Calculate r(8).
-21
Suppose -141186 = 33*n - 36*n - 3*t, -t = -2*n + 94115. Let w(y) = n*y - 47059*y - 2*y**2. Let z = 0 + -2. What is w(z)?
-8
Let g(j) = 73*j + 13. Let z be g(-2). Let s = -150 - z. Let r = -13 - s. Let o(f) = 2*f + 5. Give o(r).
13
Let w(k) be the first derivative of -k**3/3 + 7*k**2/2 + 8*k - 1729. Give w(8).
0
Let o(k) = 10*k**3 + 16*k**2 + 32*k + 12. Let u(a) = 7*a**3 + 16*a**2 + 32*a + 17. Let v(z) = 2*o(z) - 3*u(z). What is v(-14)?
29
Let h(i) be the first derivative of -i**3/3 - 3*i**2/2 + 5*i + 5121. Let v = -10 - -3. What is h(v)?
-23
Let l(p) be the third derivative of -99*p**2 - 1/5*p**5 - 5/8*p**4 + 0 + 19/6*p**3 + 1/120*p**6 + 0*p. Determine l(13).
-7
Let u(q) = q**2 - 5*q - 2. Suppose -5*w + 9 = 2*y, 4*y + 0*w = -2*w + 58. Suppose -y = -12*c + 7*c + 4*f, -3*c = -3*f - 9. What is u(c)?
-2
Let x(a) be the second derivative of a**4/12 + 5*a**3/6 - 3*a**2 - 12*a. Let j be (-3)/(-2)*1/((-12)/16). Let l be (0 - -15)*(16/24)/j. Give x(l).
-6
Let l(h) = h**3 - 4*h**2 + 3*h - 1. Suppose -3*z = -5*j + 308, -2*z + 2*j + 12 = 212. Let m = z - -98. Determine l(m).
-3
Let k(v) be the second derivative of v**4/12 + 5*v**3/6 - v**2 + 2*v - 54. Let o = 1 - 5. What is k(o)?
-6
Let m(r) = r**2 + r - 2. Suppose -b + 4*o - 8*o + 22 = 0, -b + o + 2 = 0. Let w(z) = z**3 + 3*z**2 + 9*z - 15. Let y(i) = b*m(i) - w(i). What is y(4)?
-25
Let j(q) = -q**2 + 10*q + 10. Let m be (40/35)/(4/14). Let b be (352/(-24))/(-2)*6/m. Give j(b).
-1
Suppose 198*z - 10 = 3*n + 196*z, 0 = -5*z + 40. Let h(s) be the third derivative of 0 + 1/6*s**3 - 3*s**n + 1/24*s**4 + 0*s. Give h(3).
4
Let c(v) = -6*v + 252*v**2 - 506*v**2 + 6*v + 255*v**2 + 4*v - 1. Suppose -5*a - 36 = 4*q, a - 2*q + 4 = -6. Calculate c(a).
31
Let n(h) = -h**2 - 4*h - 9. Let q(f) = -5*f**2 - 23*f - 52. Let l(g) = 34*n(g) - 6*q(g). Give l(7).
-176
Let r(o) be the second derivative of o**3/3 - o**2 - 49738*o. Let p be (-68)/(-18) - 4/(-18). Suppose -p*w - 9 = -7*w. Give r(w).
4
Let u be (-1 - 24/16)*(-12)/10. Suppose u*d - r = -24, -3*d - r - 34 = -10. Let h(s) = s**2 + 8*s + 8. Calculate h(d).
8
Let j(w) be the second derivative of -5*w**3/2 + 10*w**2 - 2070*w. Calculate j(2).
-10
Suppose 3*t - 4*v + 191 = 43, 0 = t + 5*v + 43. Let a be (3/4)/(t/(-128)). Let u(l) = -5*l + 334*l**a - 333*l**2 + 5 - 1. Determine u(6).
10
Suppose -10 = -2*n, -n = 12*s - 13*s. Let p(u) = -u**3 + 4*u**2 + 2*u + 2. Let r be p(4). Let v(q) = 3*q - r*q + 6 + 5*q. Give v(s).
-4
Suppose 29*g - 13 = 23*g - 1. Let q(r) = -7*r**2 - 12*r + 33. Calculate q(g).
-19
Let o(j) = -3*j**3 - 45*j**2 + 44*j + 94. Let s(g) = -8*g**3 - 112*g**2 + 110*g + 234. Let q(h) = 13*o(h) - 5*s(h). What is q(24)?
4
Let q(z) be the third derivative of z**6/120 + z**5/15 - z**4/8 - 5*z**3/3 + 86*z**2 + 7*z. Determine q(-5).
-20
Let x(m) = -55*m + 1427. Let g be x(26). Let w(r) be the first derivative of -r**4/2 - 4*r**3/3 - r**2/2 + 3*r - 6. Calculate w(g).
24
Suppose 88 = 19*a - 45. Let y(d) = -6*d**3 + 12*d**2 - 10*d + 16. Let i(t) = 5*t**3 - 11*t**2 + 9*t - 14. Let f(q) = a*i(q) + 6*y(q). Determine f(-6).
16
Let f(m) = 2*m**3 - 16*m**2 + 11*m + 1. Let v(u) = 6*u - 2*u**3 - 8*u**2 - u**3 + 4*u**3. Let w(a) = -2*f(a) + 5*v(a). Let o = 394 - 387. Determine w(o).
5
Let m(a) = 3*a**2 + 9*a + 15. Let w(l) be the third derivative of l**5/30 + 7*l**4/24 + 7*l**3/3 - 94*l**2. Let g(t) = -3*m(t) + 4*w(t). Calculate g(0).
11
Let z(a) be the second derivative of a**4/6 + 3*a**3/2 + 3*a**2 - 6*a - 3. Determine z(-6).
24
Let k(v) = v - 117. Let h(p) = p**3 + 95*p**2 + 98*p + 376. Let f be h(-94). Calculate k(f).
-117
Let f(w) be the second derivative of w**4/6 - 7*w**3/6 + 7*w**2/2 + 231*w + 2. Determine f(5).
22
Let i(x) = 3*x**3 + x**2. Let v be (6/(-2) - -5) + 6. Suppose -u + v = -5*h, 4*h - 3*u - 2*u = -19. What is i(h)?
-2
Let v(q) = -16*q - 1. Let k(m) = -48*m - 4. Let w(b) = -2*k(b) + 7*v(b). Determine w(2).
-31
Let u(k) be the third derivative of -k**4/24 - k**3/2 + 10*k**2. Let c = -725 - -719. What is u(c)?
3
Let n(j) = 2*j + 7. Let d be n(-6). Let r(a) be the second derivative of a**5/20 + a**4/2 + a**3 - 5*a**2/2 + 6366*a. Give r(d).
-10
Let y(h) = -66*h**2 + 76*h + 7. Let g(u) = 66*u**2 - 60*u - 6. Let v(l) = -5*g(l) - 4*y(l). Give v(1).
-68
Let l(s) = -200451*s - 3*s**2 - 5 - 19 + 2*s**2 + 200436*s. What is l(-9)?
30
Let u(f) = -3*f**2 - 16*f + 6. Let m = -131 + 33. Let h = m + 92. Calculate u(h).
-6
Let k(z) be the third derivative of z**5/60 + 11*z**4/12 + 470*z**2. Give k(-23).
23
Let k = 53 + -47. Suppose -30 - 12 = k*f. Let t(o) be the second derivative of o**3/6 + o**2/2 - 5*o. Give t(f).
-6
Let s(d) = -14*d**2 + 71*d + 178. Let p(o) = -5*o**2 + 24*o + 59. Let h(g) = -17*p(g) + 6*s(g). Calculate h(-13).
0
Let c(y) = y**3 - 10*y**2 + 9*y - 5. Let u = 3207 - 3199. Give c(u).
-61
Let w(o) = -3*o + 4. Let h be ((-1)/1)/((-180)/(-20) - (-214)/(-24)). Give w(h).
40
Let b(u) = 5*u**3 - 10*u**2 - u - 11. Let m(v) = 6*v**3 - 15*v**2 - v - 11. Let l(n) = 5*b(n) - 4*m(n). Suppose -3*h + h - 20 = 0. Determine l(h).
-1
Suppose -134 + 6 = -4*a - 4*n, 123 = 4*a + 3*n. Suppose 737*c + a = 734*c. Let q(i) = i**3 + 9*i**2 - i - 12. Calculate q(c).
-3
Suppose 2*q = 4*y + 14, 5*q + 23 - 6 = -3*y. Let b(v) = -35*v - v - 30*v - 43*v + 124*v. Determine b(q).
-15
Suppose -51 - 117 = -7*p. Suppose 0 = -109*r + 113*r - p. Let g(o) = o**3 - 6*o**2 + 3*o - 7. Calculate g(r).
11
Let u(f) = 28 + 19 - 48 + 2*f. Let t(p) = -p + 6. Let l(g) = -7. Let z(b) = 5*l(b) + 6*t(b). Let h(n) = 7*u(n) + 2*z(n). What is h(6)?
7
Let j(r) = -67*r + 25*r**2 + 29*r**2 + 28 - 75*r**2 + 24*r**2. Give j(22).
6
Let i(k) = 2*k**2 + 63*k - 47. Let z = -10723 + 10691. What is i(z)?
-15
Let i(y) = -48*y + 231. Let c(x) = 3*x**3 - 4*x**2 - 332*x + 661. Let v be c(2). Give i(v).
-9
Let d(t) = 8*t + 1. Suppose 3*l + 2*i - 4 = -0, 5*i + 12 = -2*l. Suppose k = 3*b + l - 14, 3*b - 4 = 4*k. Give d(k).
17
Let j(v) be the first derivative of -v**3/3 + 5*v**2/2 - 13*v + 53. Let r be j(2). Let w(c) = -2*c - 4. Determine w(r).
10
Let g(f) = -f**3 - 3*f**2 - f - 2. Let q = 39 - 100. Let j = -113 - q. Let x = j + 49. Determine g(x).
1
Let z(w) = -7*w - 9. Let t(p) be the third derivative of 1/8*p**4 + 0 - 27*p**2 + 0*p + 2/3*p**3. Let f(v) = -9*t(v) - 4*z(v). Give f(-6).
-6
Let o be 6 - 0 - 0 - -38. Suppose 5*l + 4*j = 31, o - 10 = 5*l + j. Let a(w) = -7*w + 21. Let h(c) = -10*c + 31. Let q(y) = -7*a(y) + 5*h(y). Calculate q(l).
1
Let i(w) = w**3 + 5*w + 14*w + 28 + 181067*w**2 - 181049*w**2. Calculate i(-17).
-6
Suppose 3*y - 6 = 5*v, 0 = -3*y - 4*v - 0 + 60. Let j(z) = 3*z + 6. Determine j(y).
42
Let h(w) = w**2 + 60*w + 116. Let s be h(-58). Let q(o) = -3*o + o + o - 15 - 4. Calculate q(s).
-19
Let r(g) = -2*g - 9. Suppose 2*n + n = 3*l - 18, 2 = -n. Calculate r(l).
-17
Let p(u) = -u**3 + 7*u**2 + u - 10. Let s be 3 - -3 - -3*